ided by z.
6
Suppose 40*i - 77*i - 4107 = 0. Let m = 160 + i. Calculate the remainder when m is divided by 18.
13
Let r(z) = 5472*z**2 - 4*z + 42 - 10*z + z**3 - 5458*z**2. What is the remainder when 119 is divided by r(-15)?
11
Suppose 8*m - x - 100 = 0, -8*m - 3*x + 25 = -7*m. What is the remainder when 1910 is divided by m?
12
Let i be (-902)/4*(-27 + 29). Let u = i - -485. What is the remainder when 144 is divided by u?
8
Let b(r) = 2*r**2 + r**2 - 8*r - 29 + 3*r**2 - 5*r**2. Let j be (-2)/(0 + (-2)/(-5)). Calculate the remainder when 70 is divided by b(j).
34
Let u be (-2)/(-4) - 4/8. Suppose u = -k - 5*h + 20, -5*k + 29 + 100 = -4*h. Calculate the remainder when 72 + (-5)/((-15)/6) is divided by k.
24
Let j(m) = 2*m**2 - 48*m + 50. Let d be j(25). Suppose 5*w = 105 - d. Calculate the remainder when 10 is divided by w.
0
Let t(a) = 43*a - 60. Let g be t(11). Let b = g + -388. Calculate the remainder when 97 is divided by b.
22
Calculate the remainder when 157 is divided by (12/14)/3 - 147700/(-980).
6
Suppose m + a = 30, 4*m = 3*a - 937 + 980. Let p(s) = -s**2 + 3. Let q be p(3). Calculate the remainder when (-334)/(-3) - q/9 is divided by m.
17
Suppose -g - 11 - 20 = 0. Let p = -45 - g. What is the remainder when 26 is divided by (-9 - -12)/((-6)/p)?
5
Let f be (-10 + (-320)/(-30))*(-3)/(-2). Suppose u - m = 3, 9*u + f = 8*u - 3*m. What is the remainder when 14 is divided by u?
0
Let j(k) = k**2 - 35*k - 38. Let l be j(30). Let n = l + 810. Calculate the remainder when n is divided by 8.
6
Let c be ((-405)/36)/((-9)/48). Let b = 143 - 96. Let x = c - b. What is the remainder when 21 is divided by x?
8
Calculate the remainder when 363 is divided by (-60)/15*-2*(-74)/(-8).
67
Let h be (6 - 7 - (2 + -1)) + 126. Calculate the remainder when 10 is divided by 279/h + 6/8.
1
Calculate the remainder when 24460/35 - 222/259 is divided by 50.
48
Let m be -6*2*316/24*-3. Suppose 7*g - 1615 + m = 0. What is the remainder when g is divided by 33?
31
Suppose 5*k = -43 + 73. Calculate the remainder when 436 is divided by k.
4
Suppose -h + 4 + 11 = 0. Let o = 32 - 22. Suppose o + 19 = d. Calculate the remainder when d is divided by h.
14
Let o(u) = -5*u**3 - 31*u**2 + 8*u + 54. Calculate the remainder when o(-7) is divided by 21.
5
Let x = -2482 - -2884. What is the remainder when x is divided by 136?
130
Let w be (450/2 - 0) + 60/(-15). Let z = -193 + w. Calculate the remainder when z is divided by 15.
13
Let q = 126 - 123. Suppose 3*i - 10 = -2*z, -12 = -q*i - i - 4*z. Calculate the remainder when 16 is divided by i.
0
Suppose 660*b + 636*b - 1317*b = -15855. Calculate the remainder when b is divided by 21.
20
What is the remainder when (288/(-12) - -8982)/2 is divided by 80?
79
Let c(h) = -15*h**2 + h - 9. Let s be c(0). What is the remainder when (((-2898)/27)/(-14))/((-3)/s) is divided by -2*(2/1 - 8)?
11
Let s be (-6585)/10 - (0 - (-6)/(-4)). Let t = s + 698. Calculate the remainder when 66 is divided by t.
25
Suppose 1779 = -20*z + 5899. Suppose -56 = -2*s + z. Calculate the remainder when s is divided by 67.
64
Suppose 56*u - 12972 = 10*u. What is the remainder when u is divided by 8?
2
Calculate the remainder when ((-189)/84)/(-5 + (-5262)/(-1056)) is divided by 34.
30
Let g = 5 + -2. Suppose -4*q = -g*v + 42, 3*v - 30 = -q + 27. What is the remainder when 52 is divided by v?
16
Suppose 6*a - 7*a - 1 = 0. Let d be 7/a - 36/18. Calculate the remainder when 13 is divided by (-12)/d*(6 + 0).
5
Suppose 3*c = -4*s + 523, 0 = -37*c + 36*c - 5*s + 156. Calculate the remainder when c is divided by 13.
12
Suppose -4*y - 5*y + 18 = 0. Suppose h + 152 = y*h. Calculate the remainder when h is divided by 39.
35
Let o = 3157 - 3110. Calculate the remainder when 61051 is divided by o.
45
Let j(m) = -1952*m - 20788. Calculate the remainder when j(-11) is divided by 213.
45
Let q(h) = h**2 + 9*h - 17. Suppose -58 = -3*p + 287. Suppose -14*a = 3 - p. Calculate the remainder when a is divided by q(-11).
3
Let m(g) be the second derivative of -7*g**3/6 + 7*g**2/2 + 26*g. Let v be m(1). Suppose 11 = -v*x + 11*x. What is the remainder when x is divided by 1?
0
Let b be (2/(-2))/(3/1731). Let q = -529 - b. Calculate the remainder when q is divided by 30.
18
Let p(y) = -y**3 + 3*y**2 + 5*y + 6. Let g be p(5). Let v = g - -36. What is the remainder when 22 is divided by 6/(-51) - (-87)/v?
2
Suppose 0 = 2*u + 10, -5*u = 5*c - 8*u - 400. Suppose 11 = -5*z - 14. What is the remainder when c is divided by -9*(z + 2)/1?
23
Suppose 2*c = -2*q - q - 99, 2*q = -4*c - 210. Let a = 78 - c. Let m = 71 - 26. What is the remainder when a is divided by m?
42
Let z(v) = 137*v - 1230. What is the remainder when 50 is divided by z(9)?
2
Let w(p) = -6*p + 80. Let n be w(14). What is the remainder when 26*(n/2)/(3/(-6)) is divided by 55?
49
Let y = 3238 + -3118. What is the remainder when y is divided by 52?
16
What is the remainder when 85 is divided by -1 + (6052/801)/(2/9)?
19
Let p = 10751 + -10700. Calculate the remainder when 301 is divided by p.
46
Let p(m) = m**2 - 6*m + 45. Let q(x) = -x**3 - 10*x**2 - 6*x - 32. What is the remainder when p(6) is divided by q(-10)?
17
Let r(i) = 6*i**2 + 9*i - 21. Let a(t) = -t**2 - t + 1. Let n(o) = 4*a(o) + r(o). Calculate the remainder when 227 is divided by n(-8).
14
Let a be (-13 + 9)/(2/(-4)). Suppose 5*y = u - 417, 3*u + 2029 = a*u + 3*y. What is the remainder when u is divided by 24?
23
What is the remainder when 352 is divided by (-58500)/(-1053) - ((-76)/(-72) - 6/4)?
16
Let q(f) = 4*f**3 - f**2 - f. Let p be q(3). Suppose -2*a + p = 8. Let m(c) = -c**2 + 173*c + 20583. What is the remainder when a is divided by m(-81)?
8
Suppose l = 5*t + 35, -3*l - 4*t + 3 + 7 = 0. Suppose -9 - 9 = -q + 3*s, 3*q = -2*s + l. Let z = 206 + -190. What is the remainder when z is divided by q?
4
Suppose 8 = -13*x + 10*x + 20. Let j(a) be the third derivative of a**5/60 + a**4/3 + a**3/3 - 2*a**2. Calculate the remainder when j(-9) is divided by x.
3
Suppose 3*r + 291 = 4*m - 2*r, -3*r = 3*m - 198. What is the remainder when m is divided by 5220/1440 + 3/8?
1
Let g = 34 - 32. Suppose 3*s + 5*v = -s + 55, -2*s + 26 = g*v. Let l(z) = z**3 + 7*z**2 - 7*z + 10. What is the remainder when s is divided by l(-8)?
0
What is the remainder when 6015 is divided by 55/(-440) + 315/24?
9
Suppose 0 = -38*q - 13*q - 14*q + 424125. What is the remainder when q is divided by 107?
105
Let y be -5 + 8 + (1055 - 0). Suppose 7*h + 16*h - y = 0. What is the remainder when 173 is divided by h?
35
Let l(i) be the first derivative of -13*i**4/4 + i**3 + 19*i**2/2 + 23*i + 107. What is the remainder when l(-4) is divided by 46?
45
Let u = 1421 + -979. Suppose 13*a = -0*a + u. Calculate the remainder when 100 is divided by a.
32
Suppose z - 2*m + 372 = 0, m = -6*z + 7*z + 376. Let w = -317 - z. What is the remainder when w is divided by 13?
11
Let u(v) = -1273*v + 1385. Calculate the remainder when 167 is divided by u(1).
55
Suppose 4*z + 20 = 6*z - b, -3*b = 5*z - 72. Let f = 333 - 97. Calculate the remainder when f is divided by z.
8
Suppose w = -3*g - 334, 0*g - 5*g = 4*w + 1343. Let c = -330 - w. Calculate the remainder when 11 is divided by c.
4
Let c(b) = -b**2 + 15*b - 25. Let n = 36 - 25. Suppose 2*f + w - 26 = -2*f, f - 2*w - 11 = 0. Calculate the remainder when c(n) is divided by f.
5
Let t(p) = -3*p**3 + 16*p**2 - 4*p + 13. Suppose 24 = 2*j + 14. What is the remainder when 49 is divided by t(j)?
13
Let b = 13 - -54. Let u = -18 + b. Calculate the remainder when 89 is divided by u.
40
Suppose 0*p + 48 = 3*p. Let a(s) = s**2 + 6*s - 10. Let q be (-17)/2 + (-5)/(-8 + -2). What is the remainder when p is divided by a(q)?
4
Suppose 3*s - 123 = -3*v + v, 2*s - 2*v - 92 = 0. Suppose -39 = o + 5*h, -3*h - 39 = 2*o - 6*h. Let i = s - o. Calculate the remainder when i is divided by 14.
11
Let m(z) = -z**3 + 3*z**2 + 7*z - 9. Let q = -371 - -396. What is the remainder when m(-6) is divided by q?
23
Let n be 3*118/12 - 2/(-4). Suppose -4*k + n = -2*k. Suppose 295 = 5*o - k. What is the remainder when o is divided by 13?
10
Let s(w) = 114*w + 2056. What is the remainder when s(-3) is divided by 570?
4
Let z(b) = 11*b**2 - 108*b - 1175. Calculate the remainder when z(-11) is divid